{"id":257,"date":"2019-05-29T12:11:12","date_gmt":"2019-05-29T12:11:12","guid":{"rendered":"http:\/\/kerstin-schaum.de\/?page_id=257"},"modified":"2019-06-16T08:48:39","modified_gmt":"2019-06-16T08:48:39","slug":"meine-cds","status":"publish","type":"page","link":"https:\/\/kerstin-schaum.de\/?page_id=257","title":{"rendered":"Meine CD\u00b4s"},"content":{"rendered":"\n<p><strong>Neue CD &#8222;F\u00dcR IMMER IN MEINEM HERZEN&#8220; &#8211; Wege aus der Trauer<\/strong><\/p>\n\n\n\n<p><strong>Gedanken,\nMeditationen, Musik, Geschichten und Verse, die begleiten<\/strong><\/p>\n\n\n\n<p><strong>Kerstin\nSchaum<\/strong><\/p>\n\n\n\n<p><strong>Abbas\nSchirmohammadi<\/strong><\/p>\n\n\n\n<p>Wir werden geboren und wir m\u00fcssen sterben. F\u00fcr alle Menschen\ngelten dieselben Regeln. Doch wenn jemand die Erde verl\u00e4sst, den wir richtig\ngeliebt haben, trauern wir sehr. Der Abschied und Verlust bedeuteten oft, den\nBoden unter den F\u00fc\u00dfen zu verlieren, so dass viele Probleme haben, ihr Leben\nwieder in den Griff zu bekommen. <\/p>\n\n\n\n<p>Gemeinsam mit hat Abbas Schirmohammadi habe ich eine\nCD kreiert, die die Trauernden mit heilsamen Meditationen, positiven Gedanken,\nber\u00fchrenden Versen, Musik und Geschichten auf dem Weg zur\u00fcck ins aktive Leben\nbegleitet. Die CD bedeutet f\u00fcr mich eine Abrundung und Vertiefung\nmeiner bisherigen Trauer- Literatur und ist mir deshalb\nbesonders wertvoll und wichtig. Wir sind\nsicher, mit der CD eine gute Hilfestellung f\u00fcr Trauernde geschaffen zu haben. <\/p>\n\n\n\n<p>Mit Herz, Seele und Verstand ist die gemeinsame CD entstanden\nund wir freuen sich sehr, \u00fcber das gelungene Ergebnis.<\/p>\n\n\n\n<p>In der CD werden Fragen aufgegriffen: z. B. Was ist Trauer? Es\nwerden der Trauerprozess und die Trauerphasen beschrieben, seelische und\nk\u00f6rperliche Auswirkungen der Trauer benannt, heilsame Kraftquellen aufgef\u00fchrt\nund Denkanst\u00f6\u00dfe und Hilfestellungen auf dem Trauerweg gegeben.\nEntspannungs\u00fcbungen, tiefgreifende Kurzgeschichten und Verse runden das Werk\nab. &nbsp;<\/p>\n\n\n\n<p><strong>Die CD bietet 18 Tracks und dauert 70 Minuten.<\/strong><strong>&nbsp;\nKosten: 15 Euro.<\/strong><\/p>\n\n\n\n<p><strong>Ab sofort k\u00f6nnt Ihr die CD bei mir unter meiner E-Mail: <a href=\"mailto:kerstinschaum@aol.com\">kerstinschaum@aol.com<\/a> bestellen.\u00a0<\/strong><\/p>\n\n\n\n<p>Ich schicke sie Euch versandfrei zu.\u00a0<\/p>\n\n\n\n<p>Herzliche Gr\u00fc\u00dfe<\/p>\n\n\n\n<p>Kerstin&nbsp;<\/p>\n\n\n\n<div class=\"wp-block-image\"><figure class=\"aligncenter\"><img fetchpriority=\"high\" decoding=\"async\" width=\"1024\" height=\"925\" src=\"https:\/\/kerstin-schaum.de\/wp-content\/uploads\/2019\/05\/Cover-cd-Schaum-1024x925.jpg\" alt=\"\" class=\"wp-image-253\" srcset=\"https:\/\/kerstin-schaum.de\/wp-content\/uploads\/2019\/05\/Cover-cd-Schaum-1024x925.jpg 1024w, https:\/\/kerstin-schaum.de\/wp-content\/uploads\/2019\/05\/Cover-cd-Schaum-300x271.jpg 300w, https:\/\/kerstin-schaum.de\/wp-content\/uploads\/2019\/05\/Cover-cd-Schaum-768x694.jpg 768w, https:\/\/kerstin-schaum.de\/wp-content\/uploads\/2019\/05\/Cover-cd-Schaum.jpg 1640w\" sizes=\"(max-width: 767px) 89vw, (max-width: 1000px) 54vw, (max-width: 1071px) 543px, 580px\" \/><\/figure><\/div>\n\n\n\n<p><\/p>\n","protected":false},"excerpt":{"rendered":"<p>Neue CD &#8222;F\u00dcR IMMER IN MEINEM HERZEN&#8220; &#8211; Wege aus der Trauer Gedanken, Meditationen, Musik, Geschichten und Verse, die begleiten Kerstin Schaum Abbas Schirmohammadi Wir werden geboren und wir m\u00fcssen sterben. F\u00fcr alle Menschen gelten dieselben Regeln. Doch wenn jemand die Erde verl\u00e4sst, den wir richtig geliebt haben, trauern wir sehr. Der Abschied und Verlust &hellip; <\/p>\n<p class=\"link-more\"><a href=\"https:\/\/kerstin-schaum.de\/?page_id=257\" class=\"more-link\"><span class=\"screen-reader-text\">\u201eMeine CD\u00b4s\u201c <\/span>weiterlesen<\/a><\/p>\n","protected":false},"author":1,"featured_media":0,"parent":0,"menu_order":5,"comment_status":"closed","ping_status":"closed","template":"","meta":{"footnotes":""},"class_list":["post-257","page","type-page","status-publish","hentry"],"_links":{"self":[{"href":"https:\/\/kerstin-schaum.de\/index.php?rest_route=\/wp\/v2\/pages\/257","targetHints":{"allow":["GET"]}}],"collection":[{"href":"https:\/\/kerstin-schaum.de\/index.php?rest_route=\/wp\/v2\/pages"}],"about":[{"href":"https:\/\/kerstin-schaum.de\/index.php?rest_route=\/wp\/v2\/types\/page"}],"author":[{"embeddable":true,"href":"https:\/\/kerstin-schaum.de\/index.php?rest_route=\/wp\/v2\/users\/1"}],"replies":[{"embeddable":true,"href":"https:\/\/kerstin-schaum.de\/index.php?rest_route=%2Fwp%2Fv2%2Fcomments&post=257"}],"version-history":[{"count":3,"href":"https:\/\/kerstin-schaum.de\/index.php?rest_route=\/wp\/v2\/pages\/257\/revisions"}],"predecessor-version":[{"id":267,"href":"https:\/\/kerstin-schaum.de\/index.php?rest_route=\/wp\/v2\/pages\/257\/revisions\/267"}],"wp:attachment":[{"href":"https:\/\/kerstin-schaum.de\/index.php?rest_route=%2Fwp%2Fv2%2Fmedia&parent=257"}],"curies":[{"name":"wp","href":"https:\/\/api.w.org\/{rel}","templated":true}]}}