{"id":440,"date":"2021-08-05T12:31:41","date_gmt":"2021-08-05T12:31:41","guid":{"rendered":"http:\/\/kerstin-schaum.de\/?page_id=440"},"modified":"2021-08-05T17:35:00","modified_gmt":"2021-08-05T17:35:00","slug":"du-fehlst-mir","status":"publish","type":"page","link":"https:\/\/kerstin-schaum.de\/?page_id=440","title":{"rendered":"Du fehlst mir"},"content":{"rendered":"\n<p>Du fehlst mir &#8211; Mein Tiertrauerbuch<\/p>\n\n\n\n<p>Ich habe bereits einige B\u00fccher zum Thema Trauerbegleitung geschrieben, \u201eDu fehlst mir\u201c ist jedoch ein Trauerbegleitbuch der besonderen Art. In und mit diesem Buch k\u00f6nnen Menschen, die den Verlust ihrer geliebten Weggef\u00e4hrtin oder ihres geliebten Weggef\u00e4hrten betrauern, die Trauerphase nicht nur passiv erleben sondern diese sensibel und gef\u00fchlvoll mit gestalten.<\/p>\n\n\n\n<p>Es l\u00e4dt Kinder, Jugendliche und Erwachsene herzlich ein, sich mit den vielf\u00e4ltigen Gef\u00fchlen, Gedanken und Fragen, die nach dem Verlust des Tierfreundes auf der Seele liegen, auf eine heilsame Art und Weise auseinanderzusetzen.<\/p>\n\n\n\n<p>Es ist ein Trauer-, Weg- und Alltagbegleiter sowie Traumf\u00e4nger, der Erinnerungen an unsere Tiere liebevoll festh\u00e4lt. F\u00fcr individuelle Eintr\u00e4ge (auch z. B.&nbsp; Kleben von pers\u00f6nlichen Bildern) jeglicher Art bietet das Buch ausreichend Platz.&nbsp;<\/p>\n\n\n\n<p>Ebenso besonders ist, dass ich dieses Trauerbuch mit meinen T\u00f6chtern Johanna und Paulina kreiert habe, denen Tiere im Allgemeinen genauso am Herzen liegen wie mir.<\/p>\n\n\n\n<p>Bei unseren Tierverlusten h\u00e4tten wir es f\u00fcr hilfreich empfunden, ein solches Buch zu einer bestimmten Zeit in den H\u00e4nden halten zu k\u00f6nnen, um unserer Trauer einen Raum geben zu k\u00f6nnen. Da es ein solches Buch nicht gab, entschieden wir uns, dieses Tiertrauerbuch f\u00fcr alle Tierfreude zu schreiben und Bilder daf\u00fcr zu zeichnen. Wir freuen uns sehr, wenn andere Trauernde mit dem neuen Buch &#8222;Du fehlst mir\u201c ihrem Tierfreund w\u00fcrdevoll gedenken k\u00f6nnen und ihre Trauer so einen Platz findet.&nbsp;<\/p>\n\n\n\n<p>Gerade im eigenen Schreiben, Malen, Kreieren oder auch einfach nur lesen, k\u00f6nnen wir unseren Gef\u00fchlen so viel Ausdruck verleihen, Schmerz und Leid be- und verarbeiten und uns auf neue Wege machen.<\/p>\n\n\n\n<p>Co-Autorin <strong>Johanna:<\/strong> &#8222;Ich habe an dem Tiertrauerbuch mitgewirkt, weil ich Freude am Zeichnen und Gestalten habe. Ich finde, es ist ein wichtiges Thema, mit dem man im Leben zwangsl\u00e4ufig konfrontiert wird. Das Buch bietet die M\u00f6glichkeit, sich mit dem Thema Verlust und Trauer auseinanderzusetzen.\u201c<\/p>\n\n\n\n<p>Co-Autorin <strong>Paulina <\/strong>: \u201eEs ist wichtig, dass die Menschen durch so einen Schicksalsschlag nicht den Boden unter den F\u00fc\u00dfen verlieren. Deshalb finde ich, hilft dieses Buch, das Erlebte zu verarbeiten und nochmal die sch\u00f6nsten Momente mit dem Tier zu spiegeln. Daf\u00fcr bietet der Platz f\u00fcr Fotos eine sch\u00f6ne M\u00f6glichkeit. Ich pers\u00f6nlich finde dieses Buch nach dem ersten Schmerz sehr hilfreich.\u201c<\/p>\n\n\n\n<figure class=\"wp-block-image size-large\"><img fetchpriority=\"high\" decoding=\"async\" width=\"719\" height=\"1024\" src=\"https:\/\/kerstin-schaum.de\/wp-content\/uploads\/2021\/08\/Tier-Trauer_Schaum-Titel-719x1024.jpg\" alt=\"Du fehlst mir - Mein Tiertrauerbuch\" class=\"wp-image-388\" srcset=\"https:\/\/kerstin-schaum.de\/wp-content\/uploads\/2021\/08\/Tier-Trauer_Schaum-Titel-719x1024.jpg 719w, https:\/\/kerstin-schaum.de\/wp-content\/uploads\/2021\/08\/Tier-Trauer_Schaum-Titel-211x300.jpg 211w, https:\/\/kerstin-schaum.de\/wp-content\/uploads\/2021\/08\/Tier-Trauer_Schaum-Titel-768x1093.jpg 768w, https:\/\/kerstin-schaum.de\/wp-content\/uploads\/2021\/08\/Tier-Trauer_Schaum-Titel.jpg 781w\" sizes=\"(max-width: 719px) 100vw, 719px\" \/><\/figure>\n\n\n\n<p>Erschienen 2021, 52 Seiten<\/p>\n\n\n\n<p>ISBN: 978-3-7900-0556-1<\/p>\n\n\n\n<p>Preis: 16 \u20ac<\/p>\n","protected":false},"excerpt":{"rendered":"<p>Du fehlst mir &#8211; Mein Tiertrauerbuch Ich habe bereits einige B\u00fccher zum Thema Trauerbegleitung geschrieben, \u201eDu fehlst mir\u201c ist jedoch ein Trauerbegleitbuch der besonderen Art. In und mit diesem Buch k\u00f6nnen Menschen, die den Verlust ihrer geliebten Weggef\u00e4hrtin oder ihres geliebten Weggef\u00e4hrten betrauern, die Trauerphase nicht nur passiv erleben sondern diese sensibel und gef\u00fchlvoll mit &hellip; <\/p>\n<p class=\"link-more\"><a href=\"https:\/\/kerstin-schaum.de\/?page_id=440\" class=\"more-link\"><span class=\"screen-reader-text\">\u201eDu fehlst mir\u201c <\/span>weiterlesen<\/a><\/p>\n","protected":false},"author":2,"featured_media":0,"parent":0,"menu_order":0,"comment_status":"closed","ping_status":"closed","template":"","meta":{"footnotes":""},"class_list":["post-440","page","type-page","status-publish","hentry"],"_links":{"self":[{"href":"https:\/\/kerstin-schaum.de\/index.php?rest_route=\/wp\/v2\/pages\/440","targetHints":{"allow":["GET"]}}],"collection":[{"href":"https:\/\/kerstin-schaum.de\/index.php?rest_route=\/wp\/v2\/pages"}],"about":[{"href":"https:\/\/kerstin-schaum.de\/index.php?rest_route=\/wp\/v2\/types\/page"}],"author":[{"embeddable":true,"href":"https:\/\/kerstin-schaum.de\/index.php?rest_route=\/wp\/v2\/users\/2"}],"replies":[{"embeddable":true,"href":"https:\/\/kerstin-schaum.de\/index.php?rest_route=%2Fwp%2Fv2%2Fcomments&post=440"}],"version-history":[{"count":4,"href":"https:\/\/kerstin-schaum.de\/index.php?rest_route=\/wp\/v2\/pages\/440\/revisions"}],"predecessor-version":[{"id":448,"href":"https:\/\/kerstin-schaum.de\/index.php?rest_route=\/wp\/v2\/pages\/440\/revisions\/448"}],"wp:attachment":[{"href":"https:\/\/kerstin-schaum.de\/index.php?rest_route=%2Fwp%2Fv2%2Fmedia&parent=440"}],"curies":[{"name":"wp","href":"https:\/\/api.w.org\/{rel}","templated":true}]}}